{"id":21,"date":"2010-11-10T10:26:43","date_gmt":"2010-11-10T08:26:43","guid":{"rendered":"http:\/\/new.oh1aa.net\/web\/"},"modified":"2017-12-05T18:50:20","modified_gmt":"2017-12-05T16:50:20","slug":"toimintaa","status":"publish","type":"page","link":"http:\/\/www.oh1aa.net\/web\/toimintaa\/","title":{"rendered":"Toimintaa"},"content":{"rendered":"<p><strong>Kerhoillat<\/strong><\/p>\n<p>&nbsp;<\/p>\n<p>Turun Radioamat\u00f6\u00f6rit Ry:n perinteiset kerhoillat vietet\u00e4\u00e4n aina Torstaisin Hirvensalon Sommelossa OH1AA:lla. Kerholla on tarjolla kahvia ja pullaa omakustannushintaan. Kerho yll\u00e4pit\u00e4\u00e4 harrastukseen liittyvien lehtien tilausta ja kirjahyllyst\u00e4 l\u00f6ytyv\u00e4tkin monen aikakausilehden vuosikerrat sek\u00e4 alan kirjallisuutta. Kerhoiltoihin ovat ehdottomasti my\u00f6s ei-radioamat\u00f6\u00f6ritkin tervetulleita! Kerromme mielell\u00e4mme harrasteestamme ja miten siihen p\u00e4\u00e4see mukaan.<\/p>\n<p>&nbsp;<\/p>\n<p>Sommelossa OH1AA:lla nyt my\u00f6s mahdollisuus workkimiseen, yleisen turisemisen ja grillauksen lomassa, Lis\u00e4ksi kerhoilloissa voidaan keskitty\u00e4 laitteiden rakenteluun, suunnitteluun yleisen turinan joukossa. Kerholla j\u00e4rjestet\u00e4\u00e4n my\u00f6s teema-, sek\u00e4 videoiltoja. Teemailloissa voimme ottaa vaikka tietyn tyyppiset antennit esittelyyn kun taas videoilloissa katselemme mielenkiintoisia radioamat\u00f6\u00f6ri &#8211; tai sit\u00e4 sivuavia videoita videotykill\u00e4.<\/p>\n<p>&nbsp;<\/p>\n<p><strong>Kurssit<\/strong><\/p>\n<p>Kerholla j\u00e4rjestet\u00e4\u00e4n syksyisin perusluokan tenttiin valmistavaa koulutusta.<\/p>\n<p>Lis\u00e4tietoa kursseistamme <a href=\"http:\/\/www.oh1aa.net\/web\/kurssit\/\">kurssit -sivuilla<\/a><\/p>\n<p><strong>Leiritoiminta<\/strong><\/p>\n<p>Kerhon nuorisojaos on uskollisesti j\u00e4rjest\u00e4nyt kes\u00e4leirej\u00e4 aina elokuisin Taivassalon Tippsundissa. Leirill\u00e4 on ohjelmaa eri aiheista, workkimista, iloista yhdess\u00e4oloa, saunomista sek\u00e4 ajankohtaisia juoruja hankkeilla olevista tapahtumista. Kerholaiset osallistuvat porukalla my\u00f6s muihin tapahtumiin kuten Suomen Radioamat\u00f6\u00f6riliiton syys- ja talvip\u00e4iville sek\u00e4 kes\u00e4leirille, kuin my\u00f6s VUSHF-leireille pohjoismaissa.<\/p>\n<p><strong>Projektit<\/strong><\/p>\n<p>Kerho yll\u00e4pit\u00e4\u00e4 my\u00f6s kerholaisia kiinnostavia projekteja. Milloin suunnitellaan vahvistimia, vastaanottimia, l\u00e4hettimi\u00e4 tai antenneja, kun taas aina olemassa olevana projektina on k\u00e4yt\u00f6st\u00e4 poistettujen radiolaitteiden muuntaminen radioamat\u00f6\u00f6rik\u00e4ytt\u00f6\u00f6n. T\u00e4ss\u00e4 mieless\u00e4 eri puolelta Suomea on ostettu TVL:n varikoilta k\u00e4ytettyj\u00e4 VHF-radioita. Kerhon puuhamiehet ovat hankkineet tarvittavat varaosat, tehneet muutokset ja viritt\u00e4neet radiot radioamat\u00f6\u00f6rik\u00e4ytt\u00f6\u00f6n. Lis\u00e4\u00e4 voi kysell\u00e4 kerhoilloissa.<\/p>\n<p><strong>Kerho yll\u00e4pit\u00e4\u00e4<\/strong><\/p>\n<p>OH1AA:n nimiss\u00e4 yll\u00e4pidet\u00e4\u00e4n paikallisia toistinasemia (puhe, sek\u00e4 digitaalinen).<\/p>\n","protected":false},"excerpt":{"rendered":"<p>Kerhoillat &nbsp; Turun Radioamat\u00f6\u00f6rit Ry:n perinteiset kerhoillat vietet\u00e4\u00e4n aina Torstaisin Hirvensalon Sommelossa OH1AA:lla. Kerholla on tarjolla kahvia ja pullaa omakustannushintaan. Kerho yll\u00e4pit\u00e4\u00e4 harrastukseen liittyvien lehtien tilausta ja kirjahyllyst\u00e4 l\u00f6ytyv\u00e4tkin monen aikakausilehden vuosikerrat sek\u00e4 alan kirjallisuutta. Kerhoiltoihin ovat ehdottomasti my\u00f6s ei-radioamat\u00f6\u00f6ritkin tervetulleita! Kerromme mielell\u00e4mme harrasteestamme ja miten siihen p\u00e4\u00e4see mukaan. &nbsp; Sommelossa OH1AA:lla nyt my\u00f6s mahdollisuus &hellip; <a href=\"http:\/\/www.oh1aa.net\/web\/toimintaa\/\" class=\"more-link\">Jatka lukemista <span class=\"screen-reader-text\">Toimintaa<\/span> <span class=\"meta-nav\">&rarr;<\/span><\/a><\/p>\n","protected":false},"author":1,"featured_media":0,"parent":0,"menu_order":0,"comment_status":"open","ping_status":"open","template":"","meta":{"footnotes":""},"class_list":["post-21","page","type-page","status-publish","hentry"],"_links":{"self":[{"href":"http:\/\/www.oh1aa.net\/web\/wp-json\/wp\/v2\/pages\/21","targetHints":{"allow":["GET"]}}],"collection":[{"href":"http:\/\/www.oh1aa.net\/web\/wp-json\/wp\/v2\/pages"}],"about":[{"href":"http:\/\/www.oh1aa.net\/web\/wp-json\/wp\/v2\/types\/page"}],"author":[{"embeddable":true,"href":"http:\/\/www.oh1aa.net\/web\/wp-json\/wp\/v2\/users\/1"}],"replies":[{"embeddable":true,"href":"http:\/\/www.oh1aa.net\/web\/wp-json\/wp\/v2\/comments?post=21"}],"version-history":[{"count":22,"href":"http:\/\/www.oh1aa.net\/web\/wp-json\/wp\/v2\/pages\/21\/revisions"}],"predecessor-version":[{"id":577,"href":"http:\/\/www.oh1aa.net\/web\/wp-json\/wp\/v2\/pages\/21\/revisions\/577"}],"wp:attachment":[{"href":"http:\/\/www.oh1aa.net\/web\/wp-json\/wp\/v2\/media?parent=21"}],"curies":[{"name":"wp","href":"https:\/\/api.w.org\/{rel}","templated":true}]}}